{"id":8,"date":"2021-01-23T19:00:03","date_gmt":"2021-01-23T18:00:03","guid":{"rendered":"http:\/\/anekobi.cluster030.hosting.ovh.net\/?page_id=8"},"modified":"2023-03-10T11:05:40","modified_gmt":"2023-03-10T10:05:40","slug":"contact","status":"publish","type":"page","link":"http:\/\/aneko.be\/index.php\/contact\/","title":{"rendered":"Contact"},"content":{"rendered":"\n<p class=\"has-text-color\" style=\"color:#f3cd75;font-size:58px\">       RENDEZ-VOUS<\/p>\n\n\n\n<div class=\"is-content-justification-center is-layout-flex wp-container-1 wp-block-buttons\">\n<div class=\"wp-block-button\"><a class=\"wp-block-button__link wp-element-button\" href=\"https:\/\/www.planity.com\/fr-BE\/aneko-1490-court-st-etienne\">PRENDRE RDV EN LIGNE<\/a><\/div>\n<\/div>\n\n\n\n<p class=\"has-text-align-center has-text-color\" style=\"color:#f3cd75;font-size:58px\">010\/870 643 <\/p>\n\n\n\n<p class=\"has-text-align-center has-text-color\" style=\"color:#f3cd75;font-size:58px\">ou au <\/p>\n\n\n\n<p class=\"has-text-align-center has-text-color\" style=\"color:#f3cd75;font-size:58px\">010\/617 185<\/p>\n\n\n\n<p class=\"has-text-color\" style=\"color:#f3cd75;font-size:40px\">Adresse <\/p>\n\n\n\n<p class=\"has-text-color has-larger-font-size\" style=\"color:#f3cd75\">Avenue des Combattants 198a &#8211; 1490 Court-Saint-Etienne<\/p>\n\n\n\n<p class=\"has-text-color\" style=\"color:#f3cd75;font-size:40px\"><strong>O\u00f9 se garer <\/strong><\/p>\n\n\n\n<p class=\"has-text-color has-larger-font-size\" style=\"color:#f3cd75\">Un parking priv\u00e9 est \u00e0 votre disposition juste devant le salon.<\/p>\n\n\n\n<div class=\"wp-block-webfactory-map\"><div class=\"wp-block-webfactory-map\"><iframe loading=\"lazy\" width=\"100%\" height=\"413px\" src=\"https:\/\/www.google.com\/maps\/embed\/v1\/place?q=avenue%20des%20combattants%20198a%201490%20court-saint-etienne&amp;maptype=roadmap&amp;zoom=10&amp;key=AIzaSyAjyDspiPfzEfjRSS5fQzm-3jHFjHxeXB4\" frameborder=\"0\"><\/iframe><\/div><\/div>\n\n\n\n<div class=\"is-layout-flex wp-block-buttons\"><\/div>\n","protected":false},"excerpt":{"rendered":"<p>RENDEZ-VOUS 010\/870 643 ou au 010\/617 185 Adresse Avenue des Combattants 198a &#8211; 1490 Court-Saint-Etienne O\u00f9 se garer Un parking priv\u00e9 est \u00e0 votre disposition juste devant le salon.<\/p>\n","protected":false},"author":1,"featured_media":59,"parent":0,"menu_order":0,"comment_status":"closed","ping_status":"closed","template":"","meta":[],"_links":{"self":[{"href":"http:\/\/aneko.be\/index.php\/wp-json\/wp\/v2\/pages\/8"}],"collection":[{"href":"http:\/\/aneko.be\/index.php\/wp-json\/wp\/v2\/pages"}],"about":[{"href":"http:\/\/aneko.be\/index.php\/wp-json\/wp\/v2\/types\/page"}],"author":[{"embeddable":true,"href":"http:\/\/aneko.be\/index.php\/wp-json\/wp\/v2\/users\/1"}],"replies":[{"embeddable":true,"href":"http:\/\/aneko.be\/index.php\/wp-json\/wp\/v2\/comments?post=8"}],"version-history":[{"count":10,"href":"http:\/\/aneko.be\/index.php\/wp-json\/wp\/v2\/pages\/8\/revisions"}],"predecessor-version":[{"id":181,"href":"http:\/\/aneko.be\/index.php\/wp-json\/wp\/v2\/pages\/8\/revisions\/181"}],"wp:featuredmedia":[{"embeddable":true,"href":"http:\/\/aneko.be\/index.php\/wp-json\/wp\/v2\/media\/59"}],"wp:attachment":[{"href":"http:\/\/aneko.be\/index.php\/wp-json\/wp\/v2\/media?parent=8"}],"curies":[{"name":"wp","href":"https:\/\/api.w.org\/{rel}","templated":true}]}}